= -5*c(d) + 7*p(d). Calculate r(8).
1
Let y = 2 + 2. Let n(l) = -y*l + 6*l + 8 - 3*l. Suppose -45 - 46 = -13*u. What is n(u)?
1
Let s(z) be the first derivative of z + 0*z**2 - 2/3*z**3 - 4. What is s(1)?
-1
Let s be 6/(-33) - (804/(-66) + 7). Let f(w) = 3*w - 8. Calculate f(s).
7
Let j(d) = d**3 + 3*d**2 - d - 1. Let x be j(-3). Let n(v) = v**3 + v**2 + 2*v. Let k be n(x). Let p = k - 14. Let c(g) = -g**3 + g**2 - g + 1. Determine c(p).
-5
Let j(c) be the third derivative of -c**8/6720 + c**7/360 - c**6/180 + c**5/120 + 11*c**4/24 + 5*c**2. Let q(f) be the second derivative of j(f). Give q(6).
13
Let p(l) = -4*l + 6. Let g(o) be the third derivative of o**4/6 - 5*o**3/6 - 2*o**2. Suppose 55*k - 51*k - 16 = 0. Let r(v) = k*p(v) + 5*g(v). Determine r(3).
11
Let d(i) = -i**3 - 4*i**2 + 6*i + 4. Suppose -3*j - 20 = -2*s, j + 0*s = -5*s - 1. Let x = j + 1. Calculate d(x).
-1
Let a(l) be the third derivative of l**4/24 + 3*l**3/2 - 8*l**2 + l. What is a(-7)?
2
Suppose 5*p = -3*h - 49, -h + 25 = -5*p + 4*h. Let t be p/(-10)*60/24. Let n(v) = -v**2 - v - 1. Give n(t).
-7
Let f(l) = 0 + 7*l**2 - 6*l + l**3 + 9*l + 2*l - 5. Let m be (-21)/(-4) + 2/(-8). Suppose -2*v - 4*y = -4, m*y - 2*y - 12 = 0. What is f(v)?
1
Suppose 3*r - 5 = -2*v, -2*v = 3*v - 5. Suppose -u + r = -4. Let x(c) = 4*c + 3*c - 6*c - c**2 - 2 + 4*c. Calculate x(u).
-2
Let t(d) = d**2 - d - 5. Suppose -5*k + 220 = 185. Calculate t(k).
37
Suppose -6*n - 3*n = 288. Let t be 12/(-9) - (n/(-6))/2. Let j(x) = 4 - 2 - x + 0. What is j(t)?
6
Let l(g) = 0 - 7339*g - 9*g**2 + 0 + 7340*g. What is l(-1)?
-10
Let o(v) = -3*v + 3*v + 3*v - 1. Let r(j) = -5*j + 89. Let u be r(18). What is o(u)?
-4
Let x(y) = y**3 + 7*y**2 - 2*y - 17. Let u be x(-7). Let h(r) be the first derivative of 1/2*r**2 + r**3 + 1/4*r**4 - r + 1. Determine h(u).
-4
Suppose -2*d + 14 = 4*c, 0*d + 15 = -5*d. Let w(o) = -o**3 + 4*o**2 + 5*o - 8. What is w(c)?
-8
Let v(b) be the third derivative of -b**5/60 - b**4/3 + 5*b**3/6 - 5619*b**2. Let q(t) = -t**3 + 7*t**2 - 2*t + 6. Let h be q(7). What is v(h)?
5
Let u(r) be the second derivative of 7*r**4/6 + r**3/6 + 156*r. Give u(-1).
13
Let u(v) be the second derivative of -v**7/2520 - v**6/240 - v**5/120 + v**4/6 - v. Let z(d) be the third derivative of u(d). Let x = 806 - 810. Calculate z(x).
-5
Let o be ((-65)/20 + 3)/((-1)/16). Let q(m) = -2*m**2 + 5*m. Calculate q(o).
-12
Let t(v) = -26*v - 11. Let z(g) = 38*g + 16. Let d(u) = 7*t(u) + 5*z(u). Give d(2).
19
Suppose 7*n + 8 = 8*n. Let h(q) be the third derivative of -q**4/24 + 8*q**3/3 + 9*q**2. Give h(n).
8
Let j(o) = -2*o**2 + 0*o - 4*o**2 + o**3 - 2*o + 4 + 7*o. Suppose -11 = -4*g + 5. Let v be (10/g)/(3/6). Calculate j(v).
4
Suppose 8*o - 3 = 3*o - 2*l, -4*l = 3*o - 13. Let v be -1 + 2 - ((0 - o) + -1). Let m(j) = -j**3 - 2*j**2 + 1. Determine m(v).
-2
Let q(l) be the second derivative of 1/12*l**4 + 0 + 19*l - 1/3*l**3 + 1/2*l**2. Calculate q(3).
4
Let b(a) be the second derivative of -a**4/4 - a**2/2 + 2*a + 78. What is b(1)?
-4
Let m(i) = -i**3 - 2*i - 1. Let g(n) = -3*n**3 + 4*n**2 - 2*n - 9. Let z(k) = g(k) - 2*m(k). Give z(4).
1
Let a(k) = 6*k**3 - k**2 - 7*k - 19. Let u(w) = 5*w**3 - w**2 - 6*w - 19. Let l(d) = -6*a(d) + 7*u(d). Let c be (4 - 4)/(-14)*((-4)/(-1) + -3). Determine l(c).
-19
Suppose 2*h + 56 = 10*h. Let t(k) = -4 + 3 + h*k + 6*k - 8*k**2 - 14*k. What is t(-1)?
-8
Let y(n) = -127*n**2 + 275*n**2 - 147*n**2 + 3 - 2. Determine y(-1).
2
Suppose -29*f - 44 = -7*f. Let y(t) = 19*t + 3. Determine y(f).
-35
Let r be (32/12)/(2/(-3)). Let f(q) = -q**3 - 4*q**2 + 44*q - 19*q - 25*q + 4. What is f(r)?
4
Let l(r) = -9*r**2 + 20*r - 14. Let w(n) = 20*n**2 - 43*n + 28. Let u(x) = -9*l(x) - 4*w(x). Give u(7).
7
Let n(d) = 0*d - 6 - 18*d**3 + 5*d - d + 19*d**3 + 6*d**2. Let r be n(-5). Let h(j) = -j**3 + j**2 + j. Calculate h(r).
1
Let z(l) = 5*l**3 + l. Suppose -3*d = -4*j + 11, -d = -2*j - 5*d. Suppose 2*o = -m - 13, 33 = -3*o + m + j*m. Let u = -9 - o. What is z(u)?
-6
Let y(s) = 33*s - 7. Let k(r) = 19*r - 4. Let f(n) = 7*k(n) - 4*y(n). Calculate f(1).
1
Let v(s) = -s**3 - 5*s**2 + 5*s - 4. Let r be v(-6). Let q(k) = 3*k**2 + k - 6. Let w(i) = -i**2 + 2. Let g(f) = r*q(f) + 7*w(f). What is g(-2)?
-6
Let n(f) = -5*f**2 + 4*f + 1. Let d(s) = -11*s**2 + 8*s + 3. Let b(h) = -4*d(h) + 9*n(h). Let l = -298 + 301. Calculate b(l).
0
Let o(h) be the second derivative of -h**4/6 + 2*h**3 - 2*h**2 - 125*h. What is o(5)?
6
Let g(i) = 9*i**3 - 17*i**2 - 24*i + 30. Let c(h) = 4*h**3 - 8*h**2 - 11*h + 14. Let t(s) = -13*c(s) + 6*g(s). Calculate t(-1).
-1
Suppose 4*q = 23*q - 114. Suppose 0 = -o + 7 - 3. Let t(i) = -3 + o*i - 3*i + 1. What is t(q)?
4
Let f be 0 + 15 - (6 - -4). Let x(g) be the first derivative of 5/3*g**3 - 4*g**2 - 6*g + f + 1/4*g**4. Give x(-6).
6
Let z(w) = -w**2 + 9*w + 214. Let s be z(-11). Let m(h) = -2*h**2 - 12*h + 7. Determine m(s).
7
Let t(z) = -2 - 4 - z + 5 - 4*z**2. Let b be 22/4*(1 + 1). Suppose b - 6 = -5*q. What is t(q)?
-4
Let u = 68 + -64. Suppose 3*l + l - 2*v = 0, -14 = l - u*v. Let f(m) be the third derivative of m**6/40 - m**5/30 - m**4/24 - m**2. What is f(l)?
14
Let w(n) = n**3 - 5*n**2. Suppose -118*y - 5 = -119*y. What is w(y)?
0
Suppose c = 5*o + 22, 0 = 3*c - 2*o - 10 - 4. Let p(z) = -6 + 4*z - z**3 + 7*z - 4*z**c - 6*z. Give p(-5).
-6
Let u(c) = 2*c**2 + 16*c + 17. Let r be -1 + -5 - 3*(-3)/(-9). Calculate u(r).
3
Let t = -55 - -59. Let c(n) = -3*n**2 + 5*n - 5. Calculate c(t).
-33
Let f(g) be the second derivative of g**4/12 - 7*g**3/6 + 2*g**2 + 24*g. Let l be 1/4 - 297/(-44). Determine f(l).
4
Let g(f) = 9*f - 3 + 2 - 220*f**3 + 111*f**3 + 4*f**2 + 108*f**3 - 3. What is g(6)?
-22
Let f be (3/2)/((-75)/(-20) + -3). Suppose -f = -0*w - 2*w. Let j(m) = -25*m + 1. Calculate j(w).
-24
Let n(o) = 47*o - 7. Let y(b) = -21*b + 3. Let v(i) = -4*n(i) - 9*y(i). Calculate v(5).
6
Let y(j) be the first derivative of 0*j + 1/2*j**3 - 1 - 2*j**2 + 1/8*j**4 - 1/60*j**5. Let s(i) be the second derivative of y(i). Calculate s(4).
-1
Let n(u) = -43*u + 42*u + 6 + 2. Determine n(6).
2
Let f(t) be the third derivative of t**5/60 - 31*t**4/24 + 103*t**3/6 + 2*t**2 - 147. Determine f(27).
-5
Let b(t) = 6*t**2 - 4. Let s(w) = 7*w**2 - w - 4. Let y(u) = -6*b(u) + 5*s(u). Let x = -1641 + 1635. What is y(x)?
-2
Let y(s) = -3*s**2 + 2*s**2 - 1 - s - 5*s - 3. Suppose 3*w = 2*w - 4. Determine y(w).
4
Suppose -4*f = 5*v + 12, -v - 7 + 1 = -f. Let n(z) be the second derivative of z**3/3 - z**2 + 9*z. What is n(f)?
2
Let g(i) = -2*i - 3. Let z be g(-4). Let p(x) = -7*x - 7. Let k(l) = 3*l + 4. Let o = 27 + -24. Let w(c) = o*p(c) + z*k(c). What is w(-1)?
5
Let x(f) = -f**3 - 7*f**2 - 7*f - 3. Let t be 7 - (-18)/((-60)/8 + 6). Determine x(t).
-18
Let k(h) = h**2 - 3*h + 4. Let n be 24/20*10/3. Let v be k(n). Let u(f) = -f - 1. What is u(v)?
-9
Suppose -3*w + 4 - 19 = c, -39 = 3*c + 3*w. Let o(h) = -2*h - 13. Determine o(c).
11
Let k(c) be the second derivative of -3/2*c**2 + 0 + c - 1/2*c**3 - 1/6*c**4. Let w(z) = z**3 - 80*z**2 + 82*z - 239. Let a be w(79). Give k(a).
-5
Let o be 57/18 - 6/36. Let a(u) = 0 + 3 - 4*u + o*u - 6. Give a(-3).
0
Let o(b) be the third derivative of b**6/120 + b**5/15 + b**4/12 - b**3/3 + 105*b**2. Let w = -12 + 17. Let c = w - 8. Calculate o(c).
1
Let v(j) = -6 - 150*j + 149*j + 10. Give v(10).
-6
Let j(l) = -12*l**3 - 18*l**3 + l**2 - 8*l**3 + 40*l**3. Calculate j(2).
20
Let n(b) = b - 14. Suppose 0 = -2*a + k + 27, -2*k - 23 - 20 = -3*a. Determine n(a).
-3
Let s(m) = 4*m**2 - 9*m - 34. Let z(d) = 5*d**2 - 11*d - 35. Let j(g) = -6*s(g) + 5*z(g). Determine j(0).
29
Suppose -7*j + 99 = 29. Let u(l) = l**2 - 5*l + 6. Let y be u(6). Let g = y - j. Let t(f) = 2*f - 3. Calculate t(g).
1
Let z(b) = 4 + 2 - 2*b - 1. Let o be -7 - 11/(44/(-60)). What is z(o)?
-11
Suppose 0*w - 44 = -2*w. Let o = -22 + w. Suppose o = -x + 6*x. Let m(b) = -b + 2. Determine m(x).
2
Let w = -8 + 11. Let g(h) = 2*h - 5 - w*h + 3 + 2*h. Let a be g(-3). Let l(r) = -r**3 - 5*r**2 - 3*r - 2. What is l(a)?
13
Suppose 9*z + 155 - 65 = 0. Let u(w) = -3*w - 8. What is u(z)?
22
Let n be 309/63 - 10/(-105). Let w be n*(6 + -4) + -3. Let m(x) = -x + 7. Calculate m(w).
0
Let b(d) = -6*d + d**2 + 4 - 3 + 2. Let w be 24/(-4 + 6